ist the prime factors of f.
2, 67
Suppose 0 = -3*r + 2*i + 2*i + 193, 5 = -5*i. Let g = r + -61. List the prime factors of ((-4)/9)/g + (-57680)/(-360).
2, 5
Suppose 18*k - 496893 = -h, 7*k - 4*h = 4*k + 82803. List the prime factors of k.
5, 5521
Let h = 327 + -183. Suppose -553*w - 180 = -568*w. Suppose -w*m + 8*m + h = 0. List the prime factors of m.
2, 3
Let l(a) = -a**3 - 6*a**2 + 13*a + 11. Let q(i) = i**3 - 12*i**2 + 20*i. Let p be q(10). Let k = -8 - p. What are the prime factors of l(k)?
5, 7
Let n(v) be the second derivative of 5*v**4/12 + 8*v**3/3 + 45*v**2/2 + 34*v + 2. List the prime factors of n(-12).
3, 191
Let b = 2344 - -7808. Suppose -18*a + b = 6*a. What are the prime factors of a?
3, 47
Let x be 452/4 - (-5 - -6). Let z = -111 + x. List the prime factors of (-2 - 216)/((-2)/z).
109
Suppose -23*d + 1892871 = 7*d - 32919. What are the prime factors of d?
23, 2791
Let z(u) = u**3 - 10*u**2 - 34*u - 2. Suppose 13 = j + 2*o - 0*o, -5*j + 4*o = -65. What are the prime factors of z(j)?
3, 7
Suppose 3*j = -4*i + 2505, i = -0*i - 3*j + 615. Let v = -233 + i. List the prime factors of v.
397
Let q be 52648/(-6)*(-213)/(-142). List the prime factors of (-6)/(-16) + q*(-2)/32.
823
Let d be -3*1/9*84. Let x(a) = 2*a**3 + 57*a**2 + 19*a + 95. What are the prime factors of x(d)?
347
Suppose 44 = 4*j + 4792. What are the prime factors of (-9)/18*(j + 1)?
593
Suppose -t + 1 = -1. Let y(i) = 15*i + 373. Let a be y(-12). Suppose t*g + 19 - a = 0. List the prime factors of g.
3, 29
Suppose 53*y - 485028 = -y. What are the prime factors of y?
2, 3, 499
Suppose -214*b + 9085483 = -67939. What are the prime factors of b?
42773
Suppose 60 - 76 = 2*i. Let b be 170/(i/(12/(-3))). Let t = b - 79. What are the prime factors of t?
2, 3
Suppose 0 = 2*p + 3*j + 17, -4*j = p + j + 26. Let c be 1*(0 - p)*238. Suppose 2*r - 7*r + c = -n, -3*r - 3*n = -132. What are the prime factors of r?
47
Suppose -2*r + 102 = 2*n + 34, 3*r - 4*n = 109. Suppose 5*q + p = q - r, -q + 5*p = -7. List the prime factors of (46/q)/(3/(-120)).
2, 5, 23
Suppose 2*z - 2657 = -3*a - 300, -4*z - a + 4709 = 0. Let j = z + -526. List the prime factors of j.
3, 7, 31
Let u = 255 - 305. Let x = u + 552. List the prime factors of x.
2, 251
Let l(b) = 2*b**2 + 13*b + 58. Let d be l(-12). Suppose -10*s - d = -11*s. List the prime factors of s + 1*2/(-1).
2, 47
List the prime factors of 4/1*(-2085)/(-2) - (187 - 185).
2, 521
Let l = -113 + 162. Let j(c) = 8*c + 125. Let t be j(-15). Suppose -h - t*z + 175 = 3*h, 0 = -h - 3*z + l. What are the prime factors of h?
2, 5
Let c(q) = -9*q**3 + 2*q**2 - 42*q + 31. Let o(l) = 14*l**3 - 3*l**2 + 63*l - 47. Let u(h) = 8*c(h) + 5*o(h). What are the prime factors of u(-6)?
607
Let c(r) = 132*r**2 + 21*r + 43. Let j be c(-5). Let s = j + -1362. List the prime factors of s.
2, 7, 67
Let q be (-4 + 2 - 0 - -2)/1. Suppose -5*y + 0*m + 3*m + 11 = q, 0 = y - 3*m + 5. Suppose 5*s = 0, 0*t - 5*s = -y*t + 828. What are the prime factors of t?
3, 23
Let b(t) = -1192*t + 191. List the prime factors of b(-8).
71, 137
Suppose 34*c = 37*c - 33243. Suppose 45*y - 52*y + c = 0. List the prime factors of y.
1583
Suppose 34 = -4*g + 54, 0 = -9*b - g + 22721. List the prime factors of b.
2, 631
Let s(f) = f**3 - 6*f**2 + 10*f - 3. Let q be s(4). Suppose 5*a - 3*p - 189 = 497, -q*a = 2*p - 676. What are the prime factors of a?
2, 17
Let i = -4434 + 10026. What are the prime factors of i?
2, 3, 233
Let i(f) = 6*f + 71. Let o be i(-11). Suppose o*t + 1306 = 3*r, -4*r + 1749 = -8*t + 9*t. What are the prime factors of r?
19, 23
Let m be ((-416)/64)/(1/(-18)). What are the prime factors of ((-34)/3)/((-78)/m)?
17
Suppose q - 4 = 2*w + 3, 2*q - 4 = -w. Let a = 8 - q. Suppose -60 = -f + 2*i, i = a*f + 199 - 544. What are the prime factors of f?
2, 5, 7
Let i = -6731 - -12943. What are the prime factors of i?
2, 1553
What are the prime factors of -10 + 16 - (199529/(-44) + (-6)/(-8))?
2, 5, 227
Let w(b) = b**3 + 32*b**2 - b - 42. Let l be w(-32). What are the prime factors of (-2 - (l + 8)) + 145?
5, 29
Let n(r) = 24220*r**2 + 210*r - 210. List the prime factors of n(1).
2, 5, 7, 173
Suppose 330*x - 20 = 325*x, -3*h - x + 5260 = 0. What are the prime factors of h?
2, 3, 73
Suppose -8*a + 4*a = -2*d - 170358, a = -2*d + 42567. What are the prime factors of a?
3, 5, 17, 167
Let x = -1 - -5. Suppose 1566 + 842 = 5*w - x*v, -w + 486 = -3*v. Suppose 0*b = -6*b + w. What are the prime factors of b?
2, 5
Suppose -22*q - 3*f = -25*q + 3846, 0 = 5*q + 2*f - 6396. What are the prime factors of q?
2, 5
Suppose 78*l = 265694 + 1128712. List the prime factors of l.
3, 59, 101
Let i(j) = -6*j**2 - 38*j + 9. Let q be i(-18). What are the prime factors of (7/(21/q))/(-3)?
139
Suppose 4*p = 4 + 8. Suppose 0 = -z - 2*t + 5 - p, -5*t + 3 = 2*z. Let n(x) = -x**3 + 6*x**2 + 7*x - 6. What are the prime factors of n(z)?
2, 3
Let t(h) = -32*h + 9837. What are the prime factors of t(137)?
7, 19, 41
List the prime factors of (-6)/8 - (-9207210)/696.
2, 3307
Suppose -5*l + 25 = 90. Let y(v) = -v**3 - 12*v**2 + 14*v + 13. Let w be y(l). Suppose -5*r + 3*z = -796, w*r - z - 641 = -4*r. List the prime factors of r.
7, 23
Let o be 276 + -1*12/2. Suppose -o*d + 269*d = -571. What are the prime factors of d?
571
Suppose 82640 + 368421 = -50*y + 207*y. What are the prime factors of y?
13, 17
Suppose 57*r + 5*p = 58*r - 38859, 4*r + p - 155541 = 0. List the prime factors of r.
2, 9721
Suppose -3*i = p - 2, 5*p - 3*i - i - 29 = 0. Suppose -2*a + 5*j + 11 = 0, -5 = -3*a + p*j + 9. Let s = a + 31. List the prime factors of s.
2, 17
Let k = -13283 - -18891. What are the prime factors of k?
2, 701
Suppose 4*u = -x + 2*x + 1809, 0 = -3*x - 3. Suppose 5*m - 1192 = -o - 42, -2*m - 2*o + u = 0. List the prime factors of m.
3, 7, 11
Let t = 3715 + -999. Let c be (t/(-44))/7 + (-2)/11. What are the prime factors of 3 + 25/c - 2120/(-18)?
2, 59
Let a = 34735 + -24456. What are the prime factors of a?
19, 541
Suppose 5*g - b + 2269 = 0, 0 = -5*g - 4*b - 48 - 2226. What are the prime factors of ((-576)/15)/(3 - g/(-150))?
2, 3, 5
Let d(f) = -33*f - 10. Let y be 88/(-18) - 13/117. Let v be d(y). Let w = 237 - v. What are the prime factors of w?
2, 41
List the prime factors of 57798/12 - ((-42)/70 + 42/20).
3, 5, 107
Suppose 2*r - 476 + 312 = 554. Let t = -143 + 262. Suppose r = 3*f + t. What are the prime factors of f?
2, 5
Let l(d) = d**2 - 15*d - 31. Let p be l(-17). Let k = p + 149. List the prime factors of k.
2, 331
Let o = 26 + -24. Suppose 2207 = 11*n - 1093. Suppose o*x + 3*x + 4*b - 502 = 0, -n = -3*x - 3*b. List the prime factors of x.
2, 3, 17
Let u be (25 - -31)*(-2)/(-4)*1. Let m(r) = -2*r**2 + 75*r + 25. What are the prime factors of m(u)?
557
Let n(j) = -5*j - 26. Let q be n(-6). Suppose -380 = -4*u + 116. Suppose 0 = -a + 2*z + u, -4*a + a + q*z = -380. List the prime factors of a.
2, 3, 11
Let z(c) = c**2. Let g(f) = 6 + 7 - 26*f**2 - 5*f - 2 - 19. Let h(j) = -g(j) - 2*z(j). List the prime factors of h(-2).
2, 47
List the prime factors of 34124/6 - (80/12)/5.
2, 2843
Suppose -3*w - 15 = 0, -2*p + 51 = -2*w + 5*w. List the prime factors of (-2 - p/(-15)) + (-1096)/(-20).
5, 11
Let i = 26703 - 16604. What are the prime factors of i?
10099
What are the prime factors of 3226 - (-5 + -9 + 26)?
2, 1607
What are the prime factors of (-1)/6 + 505492/24?
2, 10531
Suppose -94 = 4*v - 3*d, 4*d + 36 - 88 = 2*v. Let z = 229 + v. What are the prime factors of z?
3, 23
Suppose -4*v + 62292 = -8*q, q + 27727 + 19022 = 3*v. What are the prime factors of v?
3, 5, 1039
Let n = 59 - 11. Let b = n + -46. Suppose 0 = 3*j - 3*r - 213, -b*j + 82 = 4*r - 66. What are the prime factors of j?
2, 3
Suppose 20*d - 45*d = -16*d - 6156. What are the prime factors of d?
2, 3, 19
What are the prime factors of (-1063448)/(-32) - (-8)/(224/(-21))?
2, 31, 67
Suppose 800 = -14*i + 7828. Suppose -10*k = -8*k - i. What are the prime factors of k?
251
Let v(c) = 63*c**2 - 2*c + 3. Let u be v(2). Let k = -149 + u. What are the prime factors of k?
2, 3, 17
Suppose 9*k = -959 + 39182. List the prime factors of k.
31, 137
Let b(s) = -s**3 - 2*s + 1767. Let q be b(0). Let z = -1185 + q. What are the prime factors of z?
2, 3, 97
Let f = -7 - -7. Suppo